{"id":10,"date":"2024-01-26T15:52:00","date_gmt":"2024-01-26T14:52:00","guid":{"rendered":"https:\/\/polaraod.net\/?page_id=10"},"modified":"2024-02-01T12:44:10","modified_gmt":"2024-02-01T11:44:10","slug":"literature","status":"publish","type":"page","link":"https:\/\/polaraod.net\/?page_id=10","title":{"rendered":"Literature"},"content":{"rendered":"\n<p class=\"has-text-align-center has-medium-font-size\">These are useful peer review papers useful to go into detail the photometry technique:<\/p>\n\n\n\n<ul class=\"wp-block-list\">\n<li>A.Barreto,&nbsp;R.&nbsp;Rom\u00e1n,&nbsp;E.&nbsp;Cuevas,&nbsp;D.&nbsp;P\u00e9rezRam\u00edrez,&nbsp;A.J.&nbsp;Berj\u00f3n,&nbsp;N.&nbsp;Kouremeti,&nbsp;S.&nbsp;Kazadzis,&nbsp;J.&nbsp;Gr\u00f6bner,&nbsp;M.&nbsp;Mazzola,&nbsp;C.&nbsp;Toledano,&nbsp;J.A.&nbsp;Benavent-Oltra,&nbsp;L.&nbsp;Doppler,&nbsp;J.&nbsp;Jury\u0161ek,&nbsp;A.F.&nbsp;Almansa,&nbsp;S.&nbsp;Victori,&nbsp;F.&nbsp;Maupin,&nbsp;C.&nbsp;Guirado-Fuentes,&nbsp;R.&nbsp;Gonz\u00e1lez,&nbsp;V.&nbsp;Vitale,&nbsp;P.&nbsp;Goloub, M.&nbsp;Yela, <em>Evaluation of night-time aerosols measurements and lunar irradiance models in the frame of the first multiinstrument nocturnal intercomparison campaign<\/em>. Atmospheric environment,&nbsp; 2019, 202, pp.190-211.&nbsp;<a href=\"https:\/\/www.sciencedirect.com\/science\/article\/pii\/S1352231019300287\" target=\"_blank\" rel=\"noreferrer noopener\">ff10.1016\/j.atmosenv.2019.01.006ff. ffinsu-03686278f<\/a>&nbsp;<\/li>\n\n\n\n<li>B.N.&nbsp;Holben,&nbsp;T.F.&nbsp;Eck,&nbsp;I.&nbsp;Slutsker,&nbsp;D.&nbsp;Tanr\u00e9,&nbsp;J.&nbsp;Buis,&nbsp;A.&nbsp;Setzer,&nbsp;E.&nbsp;Vermote,&nbsp;J.A.&nbsp;Reagan,&nbsp;Y.J.&nbsp;Kaufman,&nbsp;T.&nbsp;Nakajima,&nbsp;F.&nbsp;Lavenu,&nbsp;I.&nbsp;Jankowiak,&nbsp;A.&nbsp;Smirnov,&nbsp;<em>AERONET A Federated Instrument Network and Data Archive for Aerosol Characterization<\/em>, Remote Sensing of Environment, Volume 66, Issue 1,&nbsp;Pages 1-16, ISSN 0034-4257, <a href=\"https:\/\/www.sciencedirect.com\/science\/article\/pii\/S0034425798000315\">https:\/\/www.sciencedirect.com\/science\/article\/pii\/S0034425798000315<\/a><\/li>\n\n\n\n<li>M.&nbsp;Mazzola,&nbsp;R.S.&nbsp;Stone,&nbsp;A.&nbsp;Herber,&nbsp;C.&nbsp;Tomasi,&nbsp;A.&nbsp;Lupi,&nbsp;V.&nbsp;Vitale,&nbsp;C.&nbsp;Lanconelli,&nbsp;C.&nbsp;Toledano,&nbsp;V.E.&nbsp;Cachorro,&nbsp;N.T.&nbsp;O\u2019Neill,&nbsp;M.&nbsp;Shiobara,&nbsp;V.&nbsp;Aaltonen,&nbsp;K.&nbsp;Stebel,&nbsp;T.&nbsp;Zielinski,&nbsp;T.&nbsp;Petelski,&nbsp;J.P.&nbsp;Ortiz de Galisteo,&nbsp;B.&nbsp;Torres,&nbsp;A.&nbsp;Berjon,&nbsp;P.&nbsp;Goloub,&nbsp;Z.&nbsp;Li, A.&nbsp;Virkkula,&nbsp;<em>Evaluation of sun photometer capabilities for retrievals of aerosol optical depth at high latitudes: The POLAR-AOD intercomparison campaigns<\/em>, Atmospheric Environment, Volume 52, 2012, Pages 4-17, ISSN 1352-2310, <a href=\"https:\/\/www.sciencedirect.com\/science\/article\/pii\/S1352231011007862\">https:\/\/www.sciencedirect.com\/science\/article\/pii\/S1352231011007862<\/a><\/li>\n\n\n\n<li>B. Schmid, &amp; C. Wehrli,&nbsp;<em>Comparison of Sun photometer calibration by use of the Langley technique and the standard lamp<\/em>. Applied optics. 34. 4500-12, 1995.&nbsp;<a href=\"https:\/\/opg.optica.org\/ao\/abstract.cfm?uri=ao-34-21-4500\" target=\"_blank\" rel=\"noreferrer noopener\">10.1364\/AO.34.004500.<\/a><\/li>\n\n\n\n<li>R. S. Stone,\u00a0A. Herber,\u00a0V. Vitale,\u00a0M. Mazzola,\u00a0A. Lupi,\u00a0R. C. Schnell,\u00a0E. G. Dutton,\u00a0P. S. K. Liu,\u00a0S.-M. Li,\u00a0K. Dethloff,\u00a0A. Lampert,\u00a0C. Ritter,\u00a0M. Stock,\u00a0R. Neuber,\u00a0M. Maturilli,\u00a0<em>A three-dimensional characterization of Arctic aerosols from airborne Sun photometer observations: PAM-ARCMIP<\/em>, April 2009,\u00a0J. Geophys. Res.,\u00a0115, D13203, <a href=\"https:\/\/agupubs.onlinelibrary.wiley.com\/doi\/10.1029\/2009JD013605\">https:\/\/agupubs.onlinelibrary.wiley.com\/doi\/10.1029\/2009JD013605<\/a><\/li>\n\n\n\n<li>C. Tomasi,&nbsp;V. Vitale,&nbsp;A. Lupi,&nbsp;C. Di Carmine,&nbsp;M. Campanelli,&nbsp;A. Herber,&nbsp;R. Treffeisen,&nbsp;R. S. Stone,&nbsp;E. Andrews,&nbsp;S. Sharma,&nbsp;V. Radionov,&nbsp;W. von Hoyningen-Huene,&nbsp;K. Stebel,&nbsp;G. H. Hansen,&nbsp;C. L. Myhre,&nbsp;C. Wehrli,&nbsp;V. Aaltonen,&nbsp;H. Lihavainen,&nbsp;A. Virkkula,&nbsp;R. Hillamo,&nbsp;J. Str\u00f6m,&nbsp;C. Toledano,&nbsp;V. E. Cachorro,&nbsp;P. Ortiz,&nbsp;A. M. de Frutos,&nbsp;S. Blindheim,&nbsp;M. Frioud,&nbsp;M. Gausa,&nbsp;T. Zielinski,&nbsp;T. Petelski,&nbsp;T. Yamanouchi,&nbsp;<em>Aerosols in polar regions: A historical overview based on optical depth and in situ observations<\/em>,&nbsp;<em>J. Geophys. Res.<\/em>,&nbsp;112, D16205, <a href=\"https:\/\/agupubs.onlinelibrary.wiley.com\/doi\/full\/10.1029\/2007JD008432\">https:\/\/agupubs.onlinelibrary.wiley.com\/doi\/full\/10.1029\/2007JD008432<\/a><\/li>\n\n\n\n<li>C.&nbsp;Tomasi,&nbsp;A.&nbsp;Kokhanovsky,&nbsp;A.&nbsp;Lupi,&nbsp;C.&nbsp;Ritter,&nbsp;A.&nbsp;Smirnov,&nbsp;N.&nbsp;O&#8217;Neill,&nbsp;R.S.&nbsp;Stone,&nbsp;B.N.&nbsp;Holben,&nbsp;S.&nbsp;Nyeki,&nbsp;C.&nbsp;Wehrli,&nbsp;A.&nbsp;Stohl,&nbsp;M.&nbsp;Mazzola,&nbsp;C.&nbsp;Lanconelli,&nbsp;V.&nbsp;Vitale,&nbsp;K.&nbsp;Stebel,&nbsp;V.&nbsp;Aaltonen,&nbsp;G.&nbsp;de Leeuw,&nbsp;E.&nbsp;Rodriguez,&nbsp;A. B.&nbsp;Herber,&nbsp;V. F.&nbsp;Radionov, S. J.&nbsp;Piket,&nbsp;<em>Aerosol remote sensing in polar regions<\/em>, Earth-Science Reviews, Volume 140, Pages 108-157, ISSN 0012-8252, <a href=\"https:\/\/www.sciencedirect.com\/science\/article\/pii\/S0012825214001913?via%3Dihub\">https:\/\/www.sciencedirect.com\/science\/article\/pii\/S0012825214001913?via%3Dihub<\/a><\/li>\n<\/ul>\n","protected":false},"excerpt":{"rendered":"<p>These are useful peer review papers useful to go into detail the photometry technique:<\/p>\n","protected":false},"author":1,"featured_media":0,"parent":0,"menu_order":0,"comment_status":"closed","ping_status":"closed","template":"","meta":{"_lightning_design_setting":{"layout":"default"},"footnotes":""},"class_list":["post-10","page","type-page","status-publish","hentry"],"_links":{"self":[{"href":"https:\/\/polaraod.net\/index.php?rest_route=\/wp\/v2\/pages\/10","targetHints":{"allow":["GET"]}}],"collection":[{"href":"https:\/\/polaraod.net\/index.php?rest_route=\/wp\/v2\/pages"}],"about":[{"href":"https:\/\/polaraod.net\/index.php?rest_route=\/wp\/v2\/types\/page"}],"author":[{"embeddable":true,"href":"https:\/\/polaraod.net\/index.php?rest_route=\/wp\/v2\/users\/1"}],"replies":[{"embeddable":true,"href":"https:\/\/polaraod.net\/index.php?rest_route=%2Fwp%2Fv2%2Fcomments&post=10"}],"version-history":[{"count":8,"href":"https:\/\/polaraod.net\/index.php?rest_route=\/wp\/v2\/pages\/10\/revisions"}],"predecessor-version":[{"id":321,"href":"https:\/\/polaraod.net\/index.php?rest_route=\/wp\/v2\/pages\/10\/revisions\/321"}],"wp:attachment":[{"href":"https:\/\/polaraod.net\/index.php?rest_route=%2Fwp%2Fv2%2Fmedia&parent=10"}],"curies":[{"name":"wp","href":"https:\/\/api.w.org\/{rel}","templated":true}]}}